{"id":6855,"date":"2024-01-30T10:25:38","date_gmt":"2024-01-30T09:25:38","guid":{"rendered":"https:\/\/www.sigmund-schuckert-gymnasium.de\/wordpress\/?page_id=6855"},"modified":"2026-01-14T11:18:46","modified_gmt":"2026-01-14T10:18:46","slug":"ihr-weg-zur-anmeldung","status":"publish","type":"page","link":"https:\/\/www.sigmund-schuckert-gymnasium.de\/wordpress\/organisation\/ihr-weg-zur-anmeldung\/","title":{"rendered":"Ihr Weg zur Anmeldung"},"content":{"rendered":"<p><!--more-->Sehr geehrte Eltern und Erziehungsberechtigte,<\/p>\n<p>an dieser Stelle finden Sie unseren Fahrplan zur Anmeldung Ihres Kindes am Sigmund-Schuckert-Gymnasium:<\/p>\n<ol>\n<li>Ab Januar finden Sie die Vorank\u00fcndigung zum Informationsabend f\u00fcr die zuk\u00fcnftigen Sch\u00fclerinnen und Sch\u00fcler der 5. Klassen im kommenden Schuljahr auf unserer Webseite <a href=\"https:\/\/www.sigmund-schuckert-gymnasium.de\/wordpress\/\" target=\"_blank\" rel=\"noopener\">https:\/\/www.sigmund-schuckert-gymnasium.de\/wordpress\/<\/a>.<\/li>\n<li>Der Informationsabend findet in der Regel Ende Januar statt.<\/li>\n<li>In der Woche vor dem Anmeldezeitraum an unserer Schule findet die verpflichtende digitale Voranmeldung statt. Bitte melden Sie Ihr Kind nur an EINEM Gymnasium an. Au\u00dferdem m\u00f6chten wir Sie dar\u00fcber informieren, dass die Reihenfolge der Anmeldung NICHT ausschlaggebend f\u00fcr die Aufnahme an unserer Schule ist. Nehmen Sie dazu das <a href=\"https:\/\/www.sigmund-schuckert-gymnasium.de\/wordpress\/wp-content\/uploads\/2026\/01\/MBS-25-112-Infoschreiben_Erziehungsberechtigte_Umverteilung_2026.pdf\" target=\"_blank\" rel=\"noopener\">Elterninformationsschreiben<\/a> der MB-Dienststelle zur Kenntnis.<\/li>\n<li>Darauf folgt die pers\u00f6nliche Anmeldung. Beide Termine inklusive der ben\u00f6tigten Unterlagen und Formulare werden rechtzeitig auf unserer Webseite bekanntgegeben und liegen zwischen Ende April und Mitte Mai. Bitte nehmen Sie zur Kenntnis, das versp\u00e4tete Anmeldungen nicht mehr ber\u00fccksichtigt werden k\u00f6nnen. Hier Informationen zum Stand <a href=\"https:\/\/www.sigmund-schuckert-gymnasium.de\/wordpress\/wp-content\/uploads\/2026\/01\/Anmeldung-Mai-2026.pdf\" target=\"_blank\" rel=\"noopener\">Januar 2026<\/a>.<\/li>\n<li>Ggf. kann es zu einer Umverteilung kommen, da nicht gen\u00fcgend Pl\u00e4tze f\u00fcr alle angemeldeten Sch\u00fclerinnen und Sch\u00fcler vorhanden sind. Dieser Prozess zusammen mit der Anmeldung am Alternativgymnasium ist bis Ende Mai abgeschlossen.<\/li>\n<li>Ggf. f\u00fchrt der Weg ins Gymnasium f\u00fcr Ihr Kind \u00fcber den Probeunterricht, der ebenfalls Mitte Mai stattfindet.<\/li>\n<li>Unser Schulfest Anfang Juli ist eine gute Gelegenheit, die neue Schule Ihres Kindes kennenzulernen.<\/li>\n<li>Dann hei\u00dft es nur noch durch die Sommerferien zu kommen und Mitte September beginnt f\u00fcr Ihr Kind das erste Schuljahr am Sigmund-Schuckert-Gymnasium.<\/li>\n<\/ol>\n","protected":false},"excerpt":{"rendered":"","protected":false},"author":28,"featured_media":0,"parent":102,"menu_order":0,"comment_status":"closed","ping_status":"closed","template":"","meta":{"cybocfi_hide_featured_image":"","footnotes":""},"class_list":["post-6855","page","type-page","status-publish","hentry"],"_links":{"self":[{"href":"https:\/\/www.sigmund-schuckert-gymnasium.de\/wordpress\/wp-json\/wp\/v2\/pages\/6855","targetHints":{"allow":["GET"]}}],"collection":[{"href":"https:\/\/www.sigmund-schuckert-gymnasium.de\/wordpress\/wp-json\/wp\/v2\/pages"}],"about":[{"href":"https:\/\/www.sigmund-schuckert-gymnasium.de\/wordpress\/wp-json\/wp\/v2\/types\/page"}],"author":[{"embeddable":true,"href":"https:\/\/www.sigmund-schuckert-gymnasium.de\/wordpress\/wp-json\/wp\/v2\/users\/28"}],"replies":[{"embeddable":true,"href":"https:\/\/www.sigmund-schuckert-gymnasium.de\/wordpress\/wp-json\/wp\/v2\/comments?post=6855"}],"version-history":[{"count":20,"href":"https:\/\/www.sigmund-schuckert-gymnasium.de\/wordpress\/wp-json\/wp\/v2\/pages\/6855\/revisions"}],"predecessor-version":[{"id":8583,"href":"https:\/\/www.sigmund-schuckert-gymnasium.de\/wordpress\/wp-json\/wp\/v2\/pages\/6855\/revisions\/8583"}],"up":[{"embeddable":true,"href":"https:\/\/www.sigmund-schuckert-gymnasium.de\/wordpress\/wp-json\/wp\/v2\/pages\/102"}],"wp:attachment":[{"href":"https:\/\/www.sigmund-schuckert-gymnasium.de\/wordpress\/wp-json\/wp\/v2\/media?parent=6855"}],"curies":[{"name":"wp","href":"https:\/\/api.w.org\/{rel}","templated":true}]}}