{"id":6139,"date":"2022-11-22T15:04:12","date_gmt":"2022-11-22T14:04:12","guid":{"rendered":"https:\/\/www.sigmund-schuckert-gymnasium.de\/wordpress\/?page_id=6139"},"modified":"2022-12-07T13:47:45","modified_gmt":"2022-12-07T12:47:45","slug":"blutzikade","status":"publish","type":"page","link":"https:\/\/www.sigmund-schuckert-gymnasium.de\/wordpress\/biologie\/p-seminar-wasserleben-am-woehrder-see\/blutzikade\/","title":{"rendered":"Blutzikade (Cercopis vulnerata)"},"content":{"rendered":"<p>Die rotleuchtende Blutzikade <a href=\"https:\/\/pixabay.com\/de\/photos\/blutzikade-insekt-natur-makro-7226930\/\">(Bild)<\/a> geh\u00f6rt zur Familie der Klein- und Schaumzikaden.<\/p>\n<p>Ihr Verbreitungsgebiet ist sehr gro\u00df. Zum Teil leben diese kleinen Tiere in H\u00f6hen von bis zu 1600 Metern, jedoch sind sie meistens im s\u00fcdlichen und mittleren Deutschland anzutreffen. Am liebsten m\u00f6gen die kleinen Zikaden feuchte Wiesen, Waldlichtungen und Wegr\u00e4nder.<\/p>\n<p>Ihrem Namen wird die Blutzikade mit ihrer Ern\u00e4hrungsweise aber nicht gerecht, diese ist n\u00e4mlich ein Pflanzenfresser. Auf ihrem Speiseplan stehen zum Beispiel Brennnesseln, Glatthafer, Giersch und Lupine. Die Larven der Blutzikade ern\u00e4hren sich von den Wurzeln genannter Pflanzen.<\/p>\n<p><a href=\"https:\/\/www.nabu.de\/tiere-und-pflanzen\/insekten-und-spinnen\/sonstige-insekten\/24294.html\"><span style=\"font-size: 10pt;\">Weitere Informationen<\/span><\/a><\/p>\n<p style=\"text-align: center;\"><span style=\"text-decoration: underline;\"><strong><a href=\"https:\/\/www.sigmund-schuckert-gymnasium.de\/wordpress\/biologie\/p-seminar-wasserleben-am-woehrder-see\/\">ZUR\u00dcCK ZUR HAUPTSEITE<\/a><\/strong><\/span><\/p>\n","protected":false},"excerpt":{"rendered":"<p>Die rotleuchtende Blutzikade (Bild) geh\u00f6rt zur Familie der Klein- und Schaumzikaden. Ihr Verbreitungsgebiet ist sehr<\/p>\n","protected":false},"author":25,"featured_media":6143,"parent":5984,"menu_order":0,"comment_status":"closed","ping_status":"closed","template":"","meta":{"cybocfi_hide_featured_image":"","footnotes":""},"class_list":["post-6139","page","type-page","status-publish","has-post-thumbnail","hentry"],"_links":{"self":[{"href":"https:\/\/www.sigmund-schuckert-gymnasium.de\/wordpress\/wp-json\/wp\/v2\/pages\/6139","targetHints":{"allow":["GET"]}}],"collection":[{"href":"https:\/\/www.sigmund-schuckert-gymnasium.de\/wordpress\/wp-json\/wp\/v2\/pages"}],"about":[{"href":"https:\/\/www.sigmund-schuckert-gymnasium.de\/wordpress\/wp-json\/wp\/v2\/types\/page"}],"author":[{"embeddable":true,"href":"https:\/\/www.sigmund-schuckert-gymnasium.de\/wordpress\/wp-json\/wp\/v2\/users\/25"}],"replies":[{"embeddable":true,"href":"https:\/\/www.sigmund-schuckert-gymnasium.de\/wordpress\/wp-json\/wp\/v2\/comments?post=6139"}],"version-history":[{"count":2,"href":"https:\/\/www.sigmund-schuckert-gymnasium.de\/wordpress\/wp-json\/wp\/v2\/pages\/6139\/revisions"}],"predecessor-version":[{"id":6281,"href":"https:\/\/www.sigmund-schuckert-gymnasium.de\/wordpress\/wp-json\/wp\/v2\/pages\/6139\/revisions\/6281"}],"up":[{"embeddable":true,"href":"https:\/\/www.sigmund-schuckert-gymnasium.de\/wordpress\/wp-json\/wp\/v2\/pages\/5984"}],"wp:featuredmedia":[{"embeddable":true,"href":"https:\/\/www.sigmund-schuckert-gymnasium.de\/wordpress\/wp-json\/wp\/v2\/media\/6143"}],"wp:attachment":[{"href":"https:\/\/www.sigmund-schuckert-gymnasium.de\/wordpress\/wp-json\/wp\/v2\/media?parent=6139"}],"curies":[{"name":"wp","href":"https:\/\/api.w.org\/{rel}","templated":true}]}}