{"id":6124,"date":"2022-11-22T14:49:38","date_gmt":"2022-11-22T13:49:38","guid":{"rendered":"https:\/\/www.sigmund-schuckert-gymnasium.de\/wordpress\/?page_id=6124"},"modified":"2022-12-07T13:50:05","modified_gmt":"2022-12-07T12:50:05","slug":"zitronenfalter","status":"publish","type":"page","link":"https:\/\/www.sigmund-schuckert-gymnasium.de\/wordpress\/biologie\/p-seminar-wasserleben-am-woehrder-see\/zitronenfalter\/","title":{"rendered":"Zitronenfalter (Gonepteryx rhamni)"},"content":{"rendered":"<p>Bei der Wahl ihres Lebensraums sind die Zitronenfalter <a href=\"https:\/\/pixabay.com\/de\/photos\/zitronenfalter-schmetterling-6480741\/\">(Bild)<\/a> ziemlich anspruchslos. Sie sind sowohl in trockenen als auch in nassen Gebieten zu finden, leben an Waldr\u00e4ndern, Geb\u00fcschen, kargen Str\u00e4uchern und auf felsigen und grasbewachsenen H\u00e4ngen.<\/p>\n<p>Sein Verbreitungsgebiet ist ebenfalls sehr gro\u00df. Es erstreckt sich vom Nordwesten Afrikas \u00fcber fast ganz Europa und bis nach Zentralasien. Temperaturabh\u00e4ngig sind sie bis zu einer H\u00f6he von 2800 Metern anzutreffen.<\/p>\n<p>Zu beobachten sind diese Schmetterlinge bei uns fast das ganze Jahr lang, da sie auch die Wintermonate hier verbringen und Temperaturen bis zu -20 Grad aushalten k\u00f6nnen.<br \/>\nTrotzdem braucht man im Winter etwas mehr Gl\u00fcck sie anzutreffen, da sie ihr Versteck nur an sehr milden Wintertagen verlassen.<\/p>\n<p><a href=\"https:\/\/www.nabu.de\/tiere-und-pflanzen\/insekten-und-spinnen\/schmetterlinge\/tagfalter\/04431.html\"><span style=\"font-size: 10pt;\">Weitere Informationen<\/span><\/a><\/p>\n<p style=\"text-align: center;\"><span style=\"text-decoration: underline;\"><strong><a href=\"https:\/\/www.sigmund-schuckert-gymnasium.de\/wordpress\/biologie\/p-seminar-wasserleben-am-woehrder-see\/\">ZUR\u00dcCK ZUR HAUPTSEITE<\/a><\/strong><\/span><\/p>\n","protected":false},"excerpt":{"rendered":"<p>Bei der Wahl ihres Lebensraums sind die Zitronenfalter (Bild) ziemlich anspruchslos. Sie sind sowohl in<\/p>\n","protected":false},"author":25,"featured_media":6126,"parent":5984,"menu_order":0,"comment_status":"closed","ping_status":"closed","template":"","meta":{"cybocfi_hide_featured_image":"","footnotes":""},"class_list":["post-6124","page","type-page","status-publish","has-post-thumbnail","hentry"],"_links":{"self":[{"href":"https:\/\/www.sigmund-schuckert-gymnasium.de\/wordpress\/wp-json\/wp\/v2\/pages\/6124","targetHints":{"allow":["GET"]}}],"collection":[{"href":"https:\/\/www.sigmund-schuckert-gymnasium.de\/wordpress\/wp-json\/wp\/v2\/pages"}],"about":[{"href":"https:\/\/www.sigmund-schuckert-gymnasium.de\/wordpress\/wp-json\/wp\/v2\/types\/page"}],"author":[{"embeddable":true,"href":"https:\/\/www.sigmund-schuckert-gymnasium.de\/wordpress\/wp-json\/wp\/v2\/users\/25"}],"replies":[{"embeddable":true,"href":"https:\/\/www.sigmund-schuckert-gymnasium.de\/wordpress\/wp-json\/wp\/v2\/comments?post=6124"}],"version-history":[{"count":2,"href":"https:\/\/www.sigmund-schuckert-gymnasium.de\/wordpress\/wp-json\/wp\/v2\/pages\/6124\/revisions"}],"predecessor-version":[{"id":6287,"href":"https:\/\/www.sigmund-schuckert-gymnasium.de\/wordpress\/wp-json\/wp\/v2\/pages\/6124\/revisions\/6287"}],"up":[{"embeddable":true,"href":"https:\/\/www.sigmund-schuckert-gymnasium.de\/wordpress\/wp-json\/wp\/v2\/pages\/5984"}],"wp:featuredmedia":[{"embeddable":true,"href":"https:\/\/www.sigmund-schuckert-gymnasium.de\/wordpress\/wp-json\/wp\/v2\/media\/6126"}],"wp:attachment":[{"href":"https:\/\/www.sigmund-schuckert-gymnasium.de\/wordpress\/wp-json\/wp\/v2\/media?parent=6124"}],"curies":[{"name":"wp","href":"https:\/\/api.w.org\/{rel}","templated":true}]}}