{"id":465,"date":"2015-12-15T14:16:27","date_gmt":"2015-12-15T13:16:27","guid":{"rendered":"http:\/\/www.sigmund-schuckert-gymnasium.de\/wordpress\/?page_id=465"},"modified":"2015-12-22T22:42:28","modified_gmt":"2015-12-22T21:42:28","slug":"blasorchester","status":"publish","type":"page","link":"https:\/\/www.sigmund-schuckert-gymnasium.de\/wordpress\/blasorchester\/","title":{"rendered":"Blasorchester"},"content":{"rendered":"<p><strong>Blasorchester<\/strong><\/p>\n<p>Bl\u00e4sergruppe: F\u00fcr Trompeten- und Posaunenspieler. Proben nach der Big Band (nicht regelm\u00e4\u00dfig)<br \/>\nBlasorchester: Kombination von Big Band-Mitgliedern und den Holzbl\u00e4sern (Querfl\u00f6ten, Klarinetten) aus dem Orchester<\/p>\n","protected":false},"excerpt":{"rendered":"<p>Blasorchester Bl\u00e4sergruppe: F\u00fcr Trompeten- und Posaunenspieler. Proben nach der Big Band (nicht regelm\u00e4\u00dfig) Blasorchester: Kombination<\/p>\n","protected":false},"author":1,"featured_media":0,"parent":0,"menu_order":0,"comment_status":"closed","ping_status":"closed","template":"","meta":{"cybocfi_hide_featured_image":"","footnotes":""},"class_list":["post-465","page","type-page","status-publish","hentry"],"_links":{"self":[{"href":"https:\/\/www.sigmund-schuckert-gymnasium.de\/wordpress\/wp-json\/wp\/v2\/pages\/465","targetHints":{"allow":["GET"]}}],"collection":[{"href":"https:\/\/www.sigmund-schuckert-gymnasium.de\/wordpress\/wp-json\/wp\/v2\/pages"}],"about":[{"href":"https:\/\/www.sigmund-schuckert-gymnasium.de\/wordpress\/wp-json\/wp\/v2\/types\/page"}],"author":[{"embeddable":true,"href":"https:\/\/www.sigmund-schuckert-gymnasium.de\/wordpress\/wp-json\/wp\/v2\/users\/1"}],"replies":[{"embeddable":true,"href":"https:\/\/www.sigmund-schuckert-gymnasium.de\/wordpress\/wp-json\/wp\/v2\/comments?post=465"}],"version-history":[{"count":1,"href":"https:\/\/www.sigmund-schuckert-gymnasium.de\/wordpress\/wp-json\/wp\/v2\/pages\/465\/revisions"}],"predecessor-version":[{"id":466,"href":"https:\/\/www.sigmund-schuckert-gymnasium.de\/wordpress\/wp-json\/wp\/v2\/pages\/465\/revisions\/466"}],"wp:attachment":[{"href":"https:\/\/www.sigmund-schuckert-gymnasium.de\/wordpress\/wp-json\/wp\/v2\/media?parent=465"}],"curies":[{"name":"wp","href":"https:\/\/api.w.org\/{rel}","templated":true}]}}