{"id":441,"date":"2015-12-15T14:03:11","date_gmt":"2015-12-15T13:03:11","guid":{"rendered":"http:\/\/www.sigmund-schuckert-gymnasium.de\/wordpress\/?page_id=441"},"modified":"2024-12-30T13:33:30","modified_gmt":"2024-12-30T12:33:30","slug":"freundeskreis","status":"publish","type":"page","link":"https:\/\/www.sigmund-schuckert-gymnasium.de\/wordpress\/freundeskreis\/","title":{"rendered":"Freundeskreis"},"content":{"rendered":"<div class=\"item-page\">\n<h2 class=\"contentheading\">Freundeskreis<\/h2>\n<p><img loading=\"lazy\" decoding=\"async\" class=\"alignright size-full wp-image-7501\" src=\"https:\/\/www.sigmund-schuckert-gymnasium.de\/wordpress\/wp-content\/uploads\/2024\/12\/Freund-des-SSG-Logo-2015-scaled.jpg\" alt=\"\" width=\"2048\" height=\"359\" srcset=\"https:\/\/www.sigmund-schuckert-gymnasium.de\/wordpress\/wp-content\/uploads\/2024\/12\/Freund-des-SSG-Logo-2015-scaled.jpg 2048w, https:\/\/www.sigmund-schuckert-gymnasium.de\/wordpress\/wp-content\/uploads\/2024\/12\/Freund-des-SSG-Logo-2015-300x53.jpg 300w, https:\/\/www.sigmund-schuckert-gymnasium.de\/wordpress\/wp-content\/uploads\/2024\/12\/Freund-des-SSG-Logo-2015-1024x180.jpg 1024w, https:\/\/www.sigmund-schuckert-gymnasium.de\/wordpress\/wp-content\/uploads\/2024\/12\/Freund-des-SSG-Logo-2015-768x135.jpg 768w, https:\/\/www.sigmund-schuckert-gymnasium.de\/wordpress\/wp-content\/uploads\/2024\/12\/Freund-des-SSG-Logo-2015-1536x270.jpg 1536w\" sizes=\"auto, (max-width: 2048px) 100vw, 2048px\" \/><strong>Ziele des Vereins<br \/>\n<\/strong><br \/>\nDer Verein versteht sich als Unterst\u00fctzer schulischer Aktivit\u00e4ten, die aus \u00f6ffentlichen Mitteln und Mitteln des Elternbeirats nicht finanziert werden k\u00f6nnen. Er ist gem\u00e4\u00df Satzung gemeinn\u00fctzig und kann in diesem Rahmen frei \u00fcber die Mittel verf\u00fcgen.<\/p>\n<p>Er organisiert und finanziert Info- und Diskussionsveranstaltungen f\u00fcr Sch\u00fcler und Eltern zu aktuellen Themen.<\/p>\n<p>Er f\u00f6rdert und unterst\u00fctzt tatkr\u00e4ftig die sehr erfolgreiche Arbeit einzelner Projekte, z. B. der Bl\u00e4serklasse. Deren Mitglieder bereichern durch ihr Engagement das musikalische Leben der Schule.<\/p>\n<p>Eine F\u00f6rderung der Schulgemeinschaft erfolgt auch durch Bereitstellung von Preisen f\u00fcr besondere Leistungen von Sch\u00fclern f\u00fcr sich pers\u00f6nlich &#8211; z.B. schulische Leistungen &#8211; oder f\u00fcr die gesamte Schule &#8211; z.B. Mitarbeit im Schulcaf\u00e9, als Coolrider oder als Tutor.<\/p>\n<p>Er erteilt Hilfe bei der Unterst\u00fctzung in einzelnen sozialen Notf\u00e4llen.<\/p>\n<p>Weitere regelm\u00e4\u00dfige Veranstaltungen:<\/p>\n<ul>\n<li>Infoabend f\u00fcr die Oberstufe durch ehemalige Sch\u00fclerinnen und Sch\u00fcler an, die aus ihrem neuen Umfeld berichten (seit 2015 als Teil von BuS, der Berufs- und Studienorientierung in der Q11)<\/li>\n<li>Pr\u00e4senz auf dem Schulfest im Juli<\/li>\n<li>Unterst\u00fctzung des Ehemaligentreffens &#8211; jeweils im Juli im Anschluss an das Schulfest<\/li>\n<li>Einladungen zu Vortr\u00e4gen unterschiedlicher Themen aus Kultur, Gesellschaft und Zeitgeschichte<\/li>\n<\/ul>\n<p>&nbsp;<\/p>\n<p>Ausgew\u00e4hlte F\u00f6rderma\u00dfnahmen der letzten Jahre:<\/p>\n<ul>\n<li>Anschaffung von Musikinstrumenten (Fachschaft Musik und Bl\u00e4serklasse)<\/li>\n<li>Abiturpreis an kulturell, sozial oder sportlich herausragende Sch\u00fclerinnen und Sch\u00fcler<\/li>\n<li>Erwerb von IT Ausstattung (im Rahmen des Netzwerks f\u00fcr Bildung)<\/li>\n<li>Unterst\u00fctzung von Studienreisen<\/li>\n<li>F\u00f6rderung der Tutorent\u00e4tigkeit<\/li>\n<li>Einladung von Referenten und Vortragen (Fachschaft Englisch)<\/li>\n<\/ul>\n<p><img loading=\"lazy\" decoding=\"async\" class=\"alignright size-full wp-image-7505\" src=\"https:\/\/www.sigmund-schuckert-gymnasium.de\/wordpress\/wp-content\/uploads\/2024\/12\/DSC04585.jpg\" alt=\"\" width=\"1280\" height=\"853\" srcset=\"https:\/\/www.sigmund-schuckert-gymnasium.de\/wordpress\/wp-content\/uploads\/2024\/12\/DSC04585.jpg 1280w, https:\/\/www.sigmund-schuckert-gymnasium.de\/wordpress\/wp-content\/uploads\/2024\/12\/DSC04585-300x200.jpg 300w, https:\/\/www.sigmund-schuckert-gymnasium.de\/wordpress\/wp-content\/uploads\/2024\/12\/DSC04585-1024x682.jpg 1024w, https:\/\/www.sigmund-schuckert-gymnasium.de\/wordpress\/wp-content\/uploads\/2024\/12\/DSC04585-768x512.jpg 768w, https:\/\/www.sigmund-schuckert-gymnasium.de\/wordpress\/wp-content\/uploads\/2024\/12\/DSC04585-120x80.jpg 120w\" sizes=\"auto, (max-width: 1280px) 100vw, 1280px\" \/>Der Verein der Freunde des Sigmund-Schuckert-Gymnasiums ist jedoch nicht nur ein F\u00f6rderverein. Er verbindet gleichsam als Freundeskreis alle Menschen, die dieser Schule verbunden sind sowie alle ehemaligen Sch\u00fclerinnen und Sch\u00fcler als Alumni des Sigmund-Schuckert-Gymnasiums.<\/p>\n<p><strong>Organisation des Vereins<\/strong><\/p>\n<p>Gegr\u00fcndet im Jahr 1991 hat der Verein zurzeit ca. 150 Mitglieder. Eltern, Lehrer und Ehemalige unterst\u00fctzen damit den Verein bei seinem Ziel, das Sigmund-Schuckert-Gymnasium materiell und immateriell zu f\u00f6rdern.<\/p>\n<p>1. Vorsitzender: Dr. Andreas J. Dietrich (<span id=\"cloak64727\"><a href=\"mailto:ssg-freunde@gmx.de\">ssg-freunde@gmx.de<\/a><\/span>, Telefon: 0170\/3157248), 2. Vorsitzender: Ulrich Rother, 3. Vorsitzender: Klaus Halbig, Schriftf\u00fchrerin: Ingrid Ro\u00dfner, Schatzmeister: Michael Rietzel<\/p>\n<p><strong><em>Hier finden Sie die <a href=\"https:\/\/www.sigmund-schuckert-gymnasium.de\/wordpress\/wp-content\/uploads\/2024\/12\/Satzung-Freunde-des-SSG-Volltext.pdf\" target=\"_blank\" rel=\"noopener noreferrer\">Satzung\u00a0<\/a><\/em><\/strong><\/p>\n<p><strong>Werden Sie Mitglied!<\/strong><\/p>\n<p>Der Jahresbeitrag betr\u00e4gt f\u00fcr Erwachsene nur 16 Euro, f\u00fcr Sch\u00fclerinnen und Sch\u00fcler nur 6 Euro. Individuell h\u00f6here Beitr\u00e4ge sind jederzeit m\u00f6glich. Auch Unternehmen k\u00f6nnen Mitglied werden.<\/p>\n<p><strong><em>Hier finden Sie eine <strong><em><a href=\"https:\/\/www.sigmund-schuckert-gymnasium.de\/wordpress\/wp-content\/uploads\/2024\/12\/Beitrittserklaerung2015-v2-mit-SEPA-Mandat.pdf\" target=\"_blank\" rel=\"noopener noreferrer\">Beitrittserkl\u00e4rung<\/a><\/em><\/strong>\u00a0\u00a0 zum Herunterladen<\/em><\/strong><\/p>\n<p>Bitte ausf\u00fcllen und per Post an Dr. Andreas J. Dietrich, Pappenheimer Stra\u00dfe 29, 90451 N\u00fcrnberg oder per Email an <span id=\"cloak65818\"><a href=\"mailto:ssg-freunde@gmx.de\">ssg-freunde@gmx.de<\/a><\/span> schicken.<\/p>\n<p>\u00c4nderungen vorbehalten.<\/p>\n<\/div>\n","protected":false},"excerpt":{"rendered":"<p>Freundeskreis Ziele des Vereins Der Verein versteht sich als Unterst\u00fctzer schulischer Aktivit\u00e4ten, die aus \u00f6ffentlichen<\/p>\n","protected":false},"author":1,"featured_media":0,"parent":0,"menu_order":0,"comment_status":"closed","ping_status":"closed","template":"","meta":{"cybocfi_hide_featured_image":"","footnotes":""},"class_list":["post-441","page","type-page","status-publish","hentry"],"_links":{"self":[{"href":"https:\/\/www.sigmund-schuckert-gymnasium.de\/wordpress\/wp-json\/wp\/v2\/pages\/441","targetHints":{"allow":["GET"]}}],"collection":[{"href":"https:\/\/www.sigmund-schuckert-gymnasium.de\/wordpress\/wp-json\/wp\/v2\/pages"}],"about":[{"href":"https:\/\/www.sigmund-schuckert-gymnasium.de\/wordpress\/wp-json\/wp\/v2\/types\/page"}],"author":[{"embeddable":true,"href":"https:\/\/www.sigmund-schuckert-gymnasium.de\/wordpress\/wp-json\/wp\/v2\/users\/1"}],"replies":[{"embeddable":true,"href":"https:\/\/www.sigmund-schuckert-gymnasium.de\/wordpress\/wp-json\/wp\/v2\/comments?post=441"}],"version-history":[{"count":13,"href":"https:\/\/www.sigmund-schuckert-gymnasium.de\/wordpress\/wp-json\/wp\/v2\/pages\/441\/revisions"}],"predecessor-version":[{"id":7506,"href":"https:\/\/www.sigmund-schuckert-gymnasium.de\/wordpress\/wp-json\/wp\/v2\/pages\/441\/revisions\/7506"}],"wp:attachment":[{"href":"https:\/\/www.sigmund-schuckert-gymnasium.de\/wordpress\/wp-json\/wp\/v2\/media?parent=441"}],"curies":[{"name":"wp","href":"https:\/\/api.w.org\/{rel}","templated":true}]}}