{"id":4299,"date":"2019-11-28T11:03:49","date_gmt":"2019-11-28T10:03:49","guid":{"rendered":"http:\/\/www.sigmund-schuckert-gymnasium.de\/wordpress\/?page_id=4299"},"modified":"2025-02-28T12:37:37","modified_gmt":"2025-02-28T11:37:37","slug":"hilfe-in-seelischen-notlagen","status":"publish","type":"page","link":"https:\/\/www.sigmund-schuckert-gymnasium.de\/wordpress\/hilfe-in-seelischen-notlagen\/","title":{"rendered":"Hilfe in seelischen Notlagen"},"content":{"rendered":"<p><strong>Hilfe in seelischen Notlagen<\/strong><\/p>\n<p>Alle Sch\u00fcler*innen und Eltern\u00a0 k\u00f6nnen sich im Notfall vertrauensvoll an folgende Personen wenden:<\/p>\n<ul>\n<li>Jeden Lehrer\/ jede Lehrerin der Schule<\/li>\n<li>Verbindungslehrkr\u00e4fte: Herr Maar, Frau Neidiger<\/li>\n<li>Schulpsychologin: Frau Popp<\/li>\n<li>Beratungslehrerin: Frau Schmidkunz<\/li>\n<li>Schulseelsorger: Herr Rogler<\/li>\n<\/ul>\n<p>&nbsp;<\/p>\n<table>\n<tbody>\n<tr>\n<td width=\"734\"><strong>Psychiatrische Kliniken (weitere Infos erhalten Sie bei Frau Popp) <\/strong><\/p>\n<p>\u00b7\u00a0\u00a0\u00a0\u00a0\u00a0\u00a0Klinikum Nord der Stadt N\u00fcrnberg: Ambulanz der Kinder- &amp; Jugendpsychiatrie<\/p>\n<p>Prof.-Ernst-Nathan-Str. 1, 90419 N\u00fcrnberg<\/p>\n<p>Tel. 0911\/ 398-2800<\/p>\n<p>Fax 0911\/ 398-3261<\/p>\n<p>&nbsp;<\/p>\n<p>Allgemeine P\u00e4diatrie und Psychosomatische Station f\u00fcr Kinder &amp; Jugendliche. Klinikum N\u00fcrnberg S\u00fcd<\/p>\n<p>Tel. 0911\/ 398-2217-5046<\/p>\n<p>Fax 0911\/ 398-5855<\/p>\n<p>&nbsp;<\/td>\n<\/tr>\n<tr>\n<td width=\"734\"><strong>Psychotherapeutensuche<\/strong><\/p>\n<p><strong><a href=\"https:\/\/www.kvb.de\/service\/patienten\/psychotherapeutische-versorgung\/\">https:\/\/www.kvb.de\/service\/patienten\/psychotherapeutische-versorgung\/<\/a><\/strong><\/p>\n<p><strong>\u00b7\u00a0\u00a0\u00a0\u00a0<a href=\"https:\/\/www.ptk-bayern.de\/ptk\/web.nsf\/formular?openForm&amp;formular=depsychotherapeutensuche\">https:\/\/www.ptk-bayern.de\/ptk\/web.nsf\/formular?openForm&amp;formular=depsychotherapeutensuche<\/a><\/strong><\/p>\n<p>&nbsp;<\/td>\n<\/tr>\n<tr>\n<td width=\"734\"><strong>Jugendamt der Stadt N\u00fcrnberg<\/strong><\/p>\n<p><strong>\u00a0<\/strong><\/p>\n<p>Allgemeiner Sozialdienst: <strong><a href=\"https:\/\/www.nuernberg.de\/imperia\/md\/jugendamt\/dokumente\/beratung_und_hilfe\/allgemeiner_sozialdienst.pdf\">https:\/\/www.nuernberg.de\/imperia\/md\/jugendamt\/dokumente\/beratung_und_hilfe\/allgemeiner_sozialdienst.pdf<\/a><\/strong><\/p>\n<p>&nbsp;<\/p>\n<p>Jugendamt Rat und Hilfe:\u00a0 <strong><a href=\"https:\/\/www.nuernberg.de\/internet\/jugendamt\/ratundhilfe.html\">https:\/\/www.nuernberg.de\/internet\/jugendamt\/ratundhilfe.html<\/a><\/strong><\/p>\n<p>(\u00dcbersicht \u00fcber s\u00e4mtliche Unterst\u00fctzungsangebote f\u00fcr Familien und Jugendliche)<\/p>\n<p>&nbsp;<\/p>\n<p>&nbsp;<\/td>\n<\/tr>\n<tr>\n<td width=\"734\"><strong>Bundespsychotherapeutenkammer<\/strong><\/p>\n<p><strong><a href=\"http:\/\/www.gefuehle-fetzen.net\/themen\/unendlich-traurig\/?c=traurig\">www.gefuehle-fetzen.net\/themen\/unendlich-traurig\/?c=traurig<\/a><\/strong><\/p>\n<p>(Aufkl\u00e4rung \u00fcber psychische Krankheiten speziell f\u00fcr Jugendliche)<\/p>\n<p><strong>\u00a0<\/strong><\/td>\n<\/tr>\n<tr>\n<td width=\"734\"><strong>Nummer gegen Kummer<\/strong><\/p>\n<p><strong>116111<\/strong><\/p>\n<p><strong><u><a href=\"http:\/\/www.nummergegenkummer.de\/kinder-und-jugendtelefon.html\">www.nummergegenkummer.de\/kinder-und-jugendtelefon.html<\/a><\/u><\/strong><\/p>\n<p>&nbsp;<\/td>\n<\/tr>\n<tr>\n<td width=\"734\"><strong>bke- Onlineberatung<\/strong><\/p>\n<p><strong><u><a href=\"http:\/\/www.bke-jugendberatung.de\/\">www.bke-jugendberatung.de<\/a><\/u><\/strong><\/p>\n<p>&nbsp;<\/td>\n<\/tr>\n<tr>\n<td width=\"734\"><strong>Krisendienst Mittelfranken<\/strong><\/p>\n<p>telefonische Hilfe im seelischen Notlagen (vor allem abends und nachts)<\/p>\n<p><strong>\u00a0<\/strong><\/p>\n<p><strong>Tel. 0911 \/ 42 48 55 \u2013 0<\/strong><\/p>\n<p><strong><a href=\"https:\/\/krisendienst-mittelfranken.de\/\">https:\/\/krisendienst-mittelfranken.de\/<\/a><\/strong><\/p>\n<p><strong>\u00a0<\/strong><\/td>\n<\/tr>\n<tr>\n<td width=\"734\"><strong>Kinder- und Jugendnotdienst N\u00fcrnberg (KJND)<\/strong><\/p>\n<p>Notruf rund um die Uhr f\u00fcr N\u00fcrnberger Kinder und Jugendliche<\/p>\n<p>&nbsp;<\/p>\n<p><strong>Tel. 0911-231-33 33<\/strong><\/p>\n<p><strong><a href=\"http:\/\/www.jugendamt.nuernberg.de\/adressen\/nuernberger_krisenhilfen.html#nuernberger_krisen\">www.jugendamt.nuernberg.de\/adressen\/nuernberger_krisenhilfen.html#nuernberger_krisen<\/a><\/strong><\/p>\n<p><strong>\u00a0<\/strong><\/td>\n<\/tr>\n<tr>\n<td width=\"734\"><strong>Schlupfwinkel e.V.<\/strong><\/p>\n<p>(Kinder-Jugend-und Familienhilfe)<\/p>\n<p><strong><a href=\"https:\/\/www.schlupfwinkel.de\/\">https:\/\/www.schlupfwinkel.de\/<\/a><\/strong><\/p>\n<p><strong>\u00a0<\/strong><\/td>\n<\/tr>\n<tr>\n<td width=\"734\"><strong>U25<\/strong><\/p>\n<p>(Jugendliche helfen Jugendlichen)<\/p>\n<p><strong><u><a href=\"http:\/\/www.u25-nuernberg.de\/\">www.u25-nuernberg.de\/<\/a><\/u><\/strong><\/p>\n<p><strong>\u00a0<\/strong><\/td>\n<\/tr>\n<tr>\n<td width=\"734\"><strong>Telefonseelsorge<\/strong><\/p>\n<p>Kostenlose, anonyme Beratung rund um die Uhr, auch Mail-und Chatberatung<\/p>\n<p><strong>Tel.: 0800-1110111 oder 0800-1110222<\/strong><\/p>\n<p><strong><a href=\"https:\/\/www.telefonseelsorge.de\">https:\/\/www.telefonseelsorge.de<\/a><\/strong><\/p>\n<p><strong>\u00a0<\/strong><\/td>\n<\/tr>\n<tr>\n<td width=\"734\"><strong>Wildwasser e.V.<\/strong><\/p>\n<p><strong><a href=\"https:\/\/www.wildwasser-nuernberg.de\/\">https:\/\/www.wildwasser-nuernberg.de\/<\/a><\/strong><\/p>\n<p><strong>\u00a0<\/strong><\/p>\n<p><strong>Wei\u00dfer Ring<\/strong><\/p>\n<p><strong><a href=\"https:\/\/weisser-ring.de\/\">https:\/\/weisser-ring.de\/<\/a><\/strong><\/p>\n<p><strong>\u00a0<\/strong><\/td>\n<\/tr>\n<\/tbody>\n<\/table>\n<p>&nbsp;<\/p>\n<p>&nbsp;<\/p>\n<p>&nbsp;<\/p>\n","protected":false},"excerpt":{"rendered":"<p>Hilfe in seelischen Notlagen Alle Sch\u00fcler*innen und Eltern\u00a0 k\u00f6nnen sich im Notfall vertrauensvoll an folgende<\/p>\n","protected":false},"author":1,"featured_media":0,"parent":0,"menu_order":0,"comment_status":"closed","ping_status":"closed","template":"","meta":{"cybocfi_hide_featured_image":"","footnotes":""},"class_list":["post-4299","page","type-page","status-publish","hentry"],"_links":{"self":[{"href":"https:\/\/www.sigmund-schuckert-gymnasium.de\/wordpress\/wp-json\/wp\/v2\/pages\/4299","targetHints":{"allow":["GET"]}}],"collection":[{"href":"https:\/\/www.sigmund-schuckert-gymnasium.de\/wordpress\/wp-json\/wp\/v2\/pages"}],"about":[{"href":"https:\/\/www.sigmund-schuckert-gymnasium.de\/wordpress\/wp-json\/wp\/v2\/types\/page"}],"author":[{"embeddable":true,"href":"https:\/\/www.sigmund-schuckert-gymnasium.de\/wordpress\/wp-json\/wp\/v2\/users\/1"}],"replies":[{"embeddable":true,"href":"https:\/\/www.sigmund-schuckert-gymnasium.de\/wordpress\/wp-json\/wp\/v2\/comments?post=4299"}],"version-history":[{"count":5,"href":"https:\/\/www.sigmund-schuckert-gymnasium.de\/wordpress\/wp-json\/wp\/v2\/pages\/4299\/revisions"}],"predecessor-version":[{"id":7684,"href":"https:\/\/www.sigmund-schuckert-gymnasium.de\/wordpress\/wp-json\/wp\/v2\/pages\/4299\/revisions\/7684"}],"wp:attachment":[{"href":"https:\/\/www.sigmund-schuckert-gymnasium.de\/wordpress\/wp-json\/wp\/v2\/media?parent=4299"}],"curies":[{"name":"wp","href":"https:\/\/api.w.org\/{rel}","templated":true}]}}