{"id":4040,"date":"2019-05-17T17:06:38","date_gmt":"2019-05-17T15:06:38","guid":{"rendered":"http:\/\/www.sigmund-schuckert-gymnasium.de\/wordpress\/?page_id=4040"},"modified":"2021-09-27T21:21:51","modified_gmt":"2021-09-27T19:21:51","slug":"schulsanitaetsdienst","status":"publish","type":"page","link":"https:\/\/www.sigmund-schuckert-gymnasium.de\/wordpress\/schulsanitaetsdienst\/","title":{"rendered":"Schulsanit\u00e4tsdienst"},"content":{"rendered":"<p>&nbsp;<\/p>\n<p><img loading=\"lazy\" decoding=\"async\" class=\"alignnone wp-image-4037\" src=\"https:\/\/www.sigmund-schuckert-gymnasium.de\/wordpress\/wp-content\/uploads\/2019\/05\/IMG-20190512-WA0001-300x120.jpg\" alt=\"\" width=\"668\" height=\"267\" srcset=\"https:\/\/www.sigmund-schuckert-gymnasium.de\/wordpress\/wp-content\/uploads\/2019\/05\/IMG-20190512-WA0001-300x120.jpg 300w, https:\/\/www.sigmund-schuckert-gymnasium.de\/wordpress\/wp-content\/uploads\/2019\/05\/IMG-20190512-WA0001-768x307.jpg 768w, https:\/\/www.sigmund-schuckert-gymnasium.de\/wordpress\/wp-content\/uploads\/2019\/05\/IMG-20190512-WA0001-1024x409.jpg 1024w, https:\/\/www.sigmund-schuckert-gymnasium.de\/wordpress\/wp-content\/uploads\/2019\/05\/IMG-20190512-WA0001-700x280.jpg 700w, https:\/\/www.sigmund-schuckert-gymnasium.de\/wordpress\/wp-content\/uploads\/2019\/05\/IMG-20190512-WA0001-332x133.jpg 332w, https:\/\/www.sigmund-schuckert-gymnasium.de\/wordpress\/wp-content\/uploads\/2019\/05\/IMG-20190512-WA0001.jpg 1600w\" sizes=\"auto, (max-width: 668px) 100vw, 668px\" \/><\/p>\n<p>Hallo zusammen,<\/p>\n<p>wir sind der Schulsanit\u00e4tsdienst. Wir sind eine Gruppe von 15 Sch\u00fclern aus der 9. bis zur 11. Klasse. Unser Zimmer tr\u00e4gt die Nummer 20 und liegt direkt neben dem Oberstufenb\u00fcro. Wir k\u00fcmmern uns um alle kleinen und gro\u00dfen Verletzungen, die ihrem\u00a0 Kind w\u00e4hrend dem Unterricht passieren. Au\u00dferdem sichern wir schulische Veranstaltungen, wie z.B. Midnightsport, ab. Wir bieten jedes Jahr das Wahlfach &#8222;Schulsanit\u00e4tsdienst&#8220; an, in dem wir ihrem Kind die Grundlagen eines SSDs und der ersten Hilfe beibringen. Wir werden von der Johanniter- Jugend betreut und nehmen dort auch regelm\u00e4\u00dfig an Fortbildungen teil, in denen wir unser Wissen festigen und auch vertiefen.<\/p>\n<p>Euer SSD<\/p>\n","protected":false},"excerpt":{"rendered":"<p>&nbsp; Hallo zusammen, wir sind der Schulsanit\u00e4tsdienst. Wir sind eine Gruppe von 15 Sch\u00fclern aus<\/p>\n","protected":false},"author":1,"featured_media":0,"parent":0,"menu_order":0,"comment_status":"closed","ping_status":"closed","template":"","meta":{"cybocfi_hide_featured_image":"","footnotes":""},"class_list":["post-4040","page","type-page","status-publish","hentry"],"_links":{"self":[{"href":"https:\/\/www.sigmund-schuckert-gymnasium.de\/wordpress\/wp-json\/wp\/v2\/pages\/4040","targetHints":{"allow":["GET"]}}],"collection":[{"href":"https:\/\/www.sigmund-schuckert-gymnasium.de\/wordpress\/wp-json\/wp\/v2\/pages"}],"about":[{"href":"https:\/\/www.sigmund-schuckert-gymnasium.de\/wordpress\/wp-json\/wp\/v2\/types\/page"}],"author":[{"embeddable":true,"href":"https:\/\/www.sigmund-schuckert-gymnasium.de\/wordpress\/wp-json\/wp\/v2\/users\/1"}],"replies":[{"embeddable":true,"href":"https:\/\/www.sigmund-schuckert-gymnasium.de\/wordpress\/wp-json\/wp\/v2\/comments?post=4040"}],"version-history":[{"count":9,"href":"https:\/\/www.sigmund-schuckert-gymnasium.de\/wordpress\/wp-json\/wp\/v2\/pages\/4040\/revisions"}],"predecessor-version":[{"id":5434,"href":"https:\/\/www.sigmund-schuckert-gymnasium.de\/wordpress\/wp-json\/wp\/v2\/pages\/4040\/revisions\/5434"}],"wp:attachment":[{"href":"https:\/\/www.sigmund-schuckert-gymnasium.de\/wordpress\/wp-json\/wp\/v2\/media?parent=4040"}],"curies":[{"name":"wp","href":"https:\/\/api.w.org\/{rel}","templated":true}]}}