{"id":338,"date":"2015-07-08T14:03:50","date_gmt":"2015-07-08T12:03:50","guid":{"rendered":"http:\/\/www.sigmund-schuckert-gymnasium.de\/wordpress\/?page_id=338"},"modified":"2016-01-26T13:55:54","modified_gmt":"2016-01-26T12:55:54","slug":"sozialkunde","status":"publish","type":"page","link":"https:\/\/www.sigmund-schuckert-gymnasium.de\/wordpress\/unterricht\/faecher\/sozialkunde\/","title":{"rendered":"Sozialkunde"},"content":{"rendered":"<div id=\"content\">\n<div>\n<p>Nicht die Antwort gibt Aufschluss, sondern die Frage. (Ionescu)<\/p>\n<p>Die Fachschaft Sozialkunde besteht im Schuljahr 2015\/16 aus folgenden Lehrkr\u00e4ften:\u00a0\u00a0\u00a0\u00a0\u00a0\u00a0\u00a0 <strong><em>Frau Eckhardt &#8211; Frau Ro\u00dfner \u2013 Frau Vidovic &#8211; Frau Schubert<br \/>\n<\/em><\/strong><\/p>\n<p>Wir unterrichten ein Fach, das im bayerischen Gymnasiallehrplan sehr minimalistisch vertreten ist und im G8 noch weiter reduziert werden wird: Hattn die Sch\u00fcler der letzten G9- \u00a0Jahrg\u00e4nge noch die M\u00f6glichkeit, nach 1 1\/2 Pflicht-Wochenstunden in der 10. Jahrgangsstufe freiwillig zweimal 2 Wochenstunden Grundkurs Sozialkunde zu belegen und dies als 3. oder 4. Abiturfach zu w\u00e4hlen, so gibt es im G8 zwar dreimal 1 Stunde Pflichtunterricht, daf\u00fcr muss die Sozialkunde aber auf die Note als gesondertes Fach ebenso verzichten wie auf die eigenst\u00e4ndige Abiturpr\u00fcfung; beides ist nur noch in Verbindung mit Geschichte m\u00f6glich. Immerhin wurde mit dem Abitur 2012 eine M\u00f6glichkeit geschaffen, den Schwerpunkt im Colloquium (4. oder 5. Abiturfach) auf Sozialkunde zu legen.<\/p>\n<p>Wir versuchen, aus dieser Situation das Beste zu machen: Nicht nur f\u00e4hrt j\u00e4hrlich mindestens eine 10. Klasse zum sogenannten <em>&#8222;Lernort Staatsregierung&#8220;<\/em> nach M\u00fcnchen, wo neben einem Fachministerium die Staatskanzlei besucht wird (im Herbst 2012 ersetzten wir diese Fahrt ausnahmsweise durch eine der gesamten 10. Jahrgangsstufe am 2.10. nach M\u00fcnchen zur Feier des Tags der Deutschen Einheit); es existiert auch eine langj\u00e4hrige Tradition, jedem Sozialkunde-Sch\u00fcler einmal in seinem Schulleben eine\/n <em>Politiker\/in &#8222;zum Anfassen&#8220; <\/em>zu pr\u00e4sentieren. Viele sehr prominente Vertreter hatten wir schon am SSG &#8211; beginnend mit dem ersten fr\u00e4nkischen Ministerpr\u00e4sidenten G\u00fcnther Beckstein (CSU), der noch als Innenminister bei uns war, \u00fcber Oberb\u00fcrgermeister Ulrich Maly (SPD, mehrfach), Sabine Leutheusser-Schnarrenberger (FDP), Christine Scheel (Die Gr\u00fcnen) und andere bis hin zu den damals j\u00fcngsten Stadtrats-Kandidaten der Kommunalwahl 2002; 2009 besuchten uns der Staatsministers im Bundes-Au\u00dfenministerium G\u00fcnther Gloser (SPD) sowie der heutige bayerischer Finanzminister Markus S\u00f6der, (CSU) bei den Grundkursen Sozialkunde, im Februar 2012 hatten wir den aktuellen Wirtschaftsminister Martin Zeil zu Gast.<\/p>\n<p>&nbsp;<\/p>\n<p>Die <em>Berlinfahrt<\/em> der 10. Klassen ist ein weiterer Teil der \u00fcber den Sozialkunde-Unterricht hinaus zielenden politischen Bildung am SSG. Hinzu kommen viele weitere, kleinere Aktivit\u00e4ten: J\u00e4hrlich nehmen Klassen am <em>Wettbewerb des Bundespr\u00e4sidenten zur politischen Bildung<\/em> teil, regelm\u00e4\u00dfig besucht der <em>Jugendoffizier <\/em>einzelne Klassen zum Thema NATO\/Krieg und Frieden, Sch\u00fcler versetzen sich im <em>Planspiel Politik und Internationale Sicherheit<\/em> (falls Termin verf\u00fcgbar, 2013 im April die Klasse 10d) in die Situation von Weltpolitikern, am Exkursionstag besuchen wir unter Anderem das t\u00fcrkische Generalkonsulat &#8211; und nat\u00fcrlich profitiert die ganze Schule von den Aktivit\u00e4ten des <em>Arbeitskreises Politik und Zeitgeschichte<\/em> (vgl. Darstellung bei den Wahlf\u00e4chern). So findet sich jedes Jahr eine Gruppe Politik-interessierter Sch\u00fclerInnen zusammen, die in den Herbstferien zum <em>Model European Parliament<\/em> nach Kerkrade\/NL f\u00e4hrt, um dort in englischer Sprache mit ca. 300 Sch\u00fclern aus 6 Nationen auszuprobieren, wie das Europa-Parlament funktioniert, und im Fr\u00fchjahr 2012 hatten wir eine zweit\u00e4gige Veranstaltung des <em>Europ\u00e4ischen Jugendparlaments<\/em> in der damaligen Klasse 10c.<\/p>\n<p>Sicherlich nicht allein, aber vielleicht auch wegen der positiven Gesamtausrichtung der Schule gegen\u00fcber der politischen Bildung hatten wir 2007\/08 ein besonderes Amt besetzt: Der erste Landes-Sch\u00fclersprecher f\u00fcr Gymnasien in Bayern, Sebastian N\u00e4hr, war Sch\u00fcler unserer Schule.<\/p>\n<\/div>\n<\/div>\n","protected":false},"excerpt":{"rendered":"<p>Nicht die Antwort gibt Aufschluss, sondern die Frage. (Ionescu) Die Fachschaft Sozialkunde besteht im Schuljahr<\/p>\n","protected":false},"author":1,"featured_media":0,"parent":148,"menu_order":0,"comment_status":"closed","ping_status":"closed","template":"","meta":{"cybocfi_hide_featured_image":"","footnotes":""},"class_list":["post-338","page","type-page","status-publish","hentry"],"_links":{"self":[{"href":"https:\/\/www.sigmund-schuckert-gymnasium.de\/wordpress\/wp-json\/wp\/v2\/pages\/338","targetHints":{"allow":["GET"]}}],"collection":[{"href":"https:\/\/www.sigmund-schuckert-gymnasium.de\/wordpress\/wp-json\/wp\/v2\/pages"}],"about":[{"href":"https:\/\/www.sigmund-schuckert-gymnasium.de\/wordpress\/wp-json\/wp\/v2\/types\/page"}],"author":[{"embeddable":true,"href":"https:\/\/www.sigmund-schuckert-gymnasium.de\/wordpress\/wp-json\/wp\/v2\/users\/1"}],"replies":[{"embeddable":true,"href":"https:\/\/www.sigmund-schuckert-gymnasium.de\/wordpress\/wp-json\/wp\/v2\/comments?post=338"}],"version-history":[{"count":2,"href":"https:\/\/www.sigmund-schuckert-gymnasium.de\/wordpress\/wp-json\/wp\/v2\/pages\/338\/revisions"}],"predecessor-version":[{"id":810,"href":"https:\/\/www.sigmund-schuckert-gymnasium.de\/wordpress\/wp-json\/wp\/v2\/pages\/338\/revisions\/810"}],"up":[{"embeddable":true,"href":"https:\/\/www.sigmund-schuckert-gymnasium.de\/wordpress\/wp-json\/wp\/v2\/pages\/148"}],"wp:attachment":[{"href":"https:\/\/www.sigmund-schuckert-gymnasium.de\/wordpress\/wp-json\/wp\/v2\/media?parent=338"}],"curies":[{"name":"wp","href":"https:\/\/api.w.org\/{rel}","templated":true}]}}