{"id":313,"date":"2015-07-08T13:58:52","date_gmt":"2015-07-08T11:58:52","guid":{"rendered":"http:\/\/www.sigmund-schuckert-gymnasium.de\/wordpress\/?page_id=313"},"modified":"2024-04-16T11:11:43","modified_gmt":"2024-04-16T09:11:43","slug":"latein","status":"publish","type":"page","link":"https:\/\/www.sigmund-schuckert-gymnasium.de\/wordpress\/unterricht\/faecher\/latein\/","title":{"rendered":"Latein"},"content":{"rendered":"<p>&nbsp;<\/p>\n<p>Mit den Lehrkr\u00e4ften der Fachschaft Latein (Lara von Gem\u00fcnden, Larissa M\u00fcller-Kollischan, Claudia Stocker, Alfred Ramesberger, Andreas Reindl, Markus Sill) lernen unsere Sch\u00fclerinnen und Sch\u00fcler Latein. Die Unterrichtswerke aus dem Buchner Verlag sind f\u00fcr die Jugend von heute entworfen. Sie bieten spannende Texte, R\u00e4tsel, spielerische \u00dcbungen. Neue Unterrichtsformen, Click &amp; Teach mit dem Whiteboard, Computer und Internet kommen zum Einsatz.<\/p>\n<p><strong>\u00a0<\/strong><strong>Latei<\/strong><strong>n als Basissprache:<\/strong><\/p>\n<table style=\"border-color: #ffffff; height: 229px;\" width=\"659\">\n<tbody>\n<tr>\n<td><img loading=\"lazy\" decoding=\"async\" class=\"alignright wp-image-894 size-full\" src=\"https:\/\/www.sigmund-schuckert-gymnasium.de\/wordpress\/wp-content\/uploads\/2015\/07\/lat1.jpg\" alt=\"lat1\" width=\"139\" height=\"200\" \/><\/p>\n<ul>\n<li style=\"text-align: left;\">Erwerb von Schl\u00fcsselqualifikationen durch die <strong>modellhafte Grammatik<\/strong> der lateinischen Sprache und den breitgef\u00e4cherten Grundwortschatz<\/li>\n<li style=\"text-align: left;\">Bewusster Zugang zur deutschen Grammatik<\/li>\n<li style=\"text-align: left;\">Erleichterung des Erlernens moderner Fremdsprachen<\/li>\n<\/ul>\n<\/td>\n<td><\/td>\n<\/tr>\n<\/tbody>\n<\/table>\n<table class=\" alignright\" style=\"height: 208px;\" width=\"837\">\n<tbody>\n<tr>\n<td>\u00a0<img loading=\"lazy\" decoding=\"async\" class=\"alignleft wp-image-895 size-full\" src=\"https:\/\/www.sigmund-schuckert-gymnasium.de\/wordpress\/wp-content\/uploads\/2015\/07\/lat2.jpg\" alt=\"lat2\" width=\"148\" height=\"200\" \/><\/td>\n<td>\n<p style=\"text-align: left;\"><strong>Sprachkompetenz:<\/strong><\/p>\n<ul>\n<li style=\"text-align: left;\">Intensive Schulung der \u00dcbersetzungsf\u00e4higkeit ins Deutsche<\/li>\n<li style=\"text-align: left;\">Training der Ausdrucksm\u00f6glichkeiten der Muttersprache<\/li>\n<li style=\"text-align: left;\">Sachgem\u00e4\u00dfe Erleichterung der Bedeutung und Verwendung von Fremdw\u00f6rtern<\/li>\n<li style=\"text-align: left;\">Leistungserhebungen im Fach Latein:<\/li>\n<li style=\"text-align: left;\">\n<table style=\"height: 440px;\" border=\"2\" width=\"479\">\n<tbody>\n<tr>\n<td width=\"121\">Jahrgangsstufe<\/td>\n<td width=\"151\">Anzahl<\/td>\n<td width=\"199\">Gestaltung<\/td>\n<\/tr>\n<tr>\n<td width=\"121\"><span style=\"font-size: 8pt;\">6<\/span><\/td>\n<td width=\"151\"><span style=\"font-size: 8pt;\">6 Tests anstelle von Schulaufgaben<\/span><br \/>\n<span style=\"font-size: 8pt;\"> Dauer:20-30 Minuten\u00a0<\/span><\/td>\n<td width=\"199\"><span style=\"font-size: 8pt;\">Anpassung der Aufgabenstellung und Gewichtung an die Schulaufgabenvorgaben \u00dcbersetzung: ca. 38 W\u00f6rter (3-fach), Aufgabenteil aus Grammatik und <\/span><span style=\"font-size: 8pt;\">Kultur <\/span><span style=\"font-size: 8pt;\">(1-fach)<\/span><\/td>\n<\/tr>\n<tr>\n<td width=\"121\"><span style=\"font-size: 8pt;\">7<\/span><\/td>\n<td width=\"151\"><span style=\"font-size: 8pt;\">4<\/span><\/td>\n<td width=\"199\"><span style=\"font-size: 8pt;\">alle zweigeteilt<\/span><\/td>\n<\/tr>\n<tr>\n<td width=\"121\"><span style=\"font-size: 8pt;\">8<\/span><\/td>\n<td width=\"151\"><span style=\"font-size: 8pt;\">4<\/span><\/td>\n<td width=\"199\"><span style=\"font-size: 8pt;\">alle zweigeteilt<\/span><\/td>\n<\/tr>\n<tr>\n<td width=\"121\"><span style=\"font-size: 8pt;\">9<\/span><\/td>\n<td width=\"151\"><span style=\"font-size: 8pt;\">3<\/span><\/td>\n<td width=\"199\"><span style=\"font-size: 8pt;\">zweigeteilt \/ 1 Dichtung<\/span><\/td>\n<\/tr>\n<tr>\n<td width=\"121\"><span style=\"font-size: 8pt;\">10<\/span><\/td>\n<td width=\"151\"><span style=\"font-size: 8pt;\">3<\/span><\/td>\n<td width=\"199\"><span style=\"font-size: 8pt;\">zweigeteilt \/ 1 Dichtung<\/span><\/td>\n<\/tr>\n<tr>\n<td width=\"121\"><span style=\"font-size: 8pt;\">11<\/span><\/td>\n<td width=\"151\"><span style=\"font-size: 8pt;\">3<\/span><\/td>\n<td width=\"199\"><span style=\"font-size: 8pt;\">zweigeteilt \/ 1 Dichtung<\/span><\/td>\n<\/tr>\n<tr>\n<td width=\"121\"><span style=\"font-size: 8pt;\">12\/13<\/span><\/td>\n<td width=\"151\"><span style=\"font-size: 8pt;\">je 2<\/span><\/td>\n<td width=\"199\">&nbsp;<\/td>\n<\/tr>\n<\/tbody>\n<\/table>\n<\/li>\n<\/ul>\n<\/td>\n<\/tr>\n<\/tbody>\n<\/table>\n<table>\n<tbody>\n<tr>\n<td><img loading=\"lazy\" decoding=\"async\" class=\"alignright wp-image-892 size-full\" src=\"https:\/\/www.sigmund-schuckert-gymnasium.de\/wordpress\/wp-content\/uploads\/2015\/07\/lat3.jpg\" alt=\"lat3\" width=\"159\" height=\"200\" \/><\/p>\n<p style=\"text-align: left;\"><strong>Latinum:<\/strong><\/p>\n<ul>\n<li style=\"text-align: left;\">Erwerb von Lateinkenntnissen als Zulassungsvoraussetzung f\u00fcr verschiedene universit\u00e4re Studieng\u00e4nge<br \/>\n(Latinum bei Note 4 oder besser im Jahreszeugnis der 10. Klasse)<\/li>\n<li style=\"text-align: left;\">Einf\u00fchrung in die geistes- und naturwissenschaftliche Fachsprache, wie sie an der Universit\u00e4t praktiziert wird<\/li>\n<\/ul>\n<\/td>\n<td><\/td>\n<\/tr>\n<\/tbody>\n<\/table>\n<table style=\"height: 210px;\" width=\"642\">\n<tbody>\n<tr>\n<td>\u00a0<img loading=\"lazy\" decoding=\"async\" class=\"alignleft wp-image-893 size-full\" src=\"https:\/\/www.sigmund-schuckert-gymnasium.de\/wordpress\/wp-content\/uploads\/2015\/07\/lat4.jpg\" alt=\"lat4\" width=\"137\" height=\"200\" \/><\/td>\n<td style=\"text-align: left;\">\n<p style=\"text-align: left;\"><strong>Idee der &#8222;humanitas&#8220;:<\/strong><\/p>\n<ul>\n<li><strong>Bewahrung der abendl\u00e4ndischen Tradition<\/strong> von Griechenland \u00fcber Rom und das lateinische Mittelalter bis heute<\/li>\n<li><strong>Exkursionen:<\/strong>\n<ul>\n<li>Besuch regionaler Ausstellungen zu Themen der Antike<\/li>\n<li>6. Jahrgangsstufe Wei\u00dfenburg\/Regensburg<\/li>\n<li>7. Jahrgangsstufe Trier\/ K\u00f6ln<\/li>\n<li>Oberstufe: Rom, Neapel oder Florenz<\/li>\n<\/ul>\n<\/li>\n<\/ul>\n<\/td>\n<\/tr>\n<\/tbody>\n<\/table>\n<p><img loading=\"lazy\" decoding=\"async\" class=\"wp-image-3160 alignright\" src=\"https:\/\/www.sigmund-schuckert-gymnasium.de\/wordpress\/wp-content\/uploads\/2018\/01\/latein2.jpg\" alt=\"\" width=\"125\" height=\"167\" srcset=\"https:\/\/www.sigmund-schuckert-gymnasium.de\/wordpress\/wp-content\/uploads\/2018\/01\/latein2.jpg 768w, https:\/\/www.sigmund-schuckert-gymnasium.de\/wordpress\/wp-content\/uploads\/2018\/01\/latein2-225x300.jpg 225w, https:\/\/www.sigmund-schuckert-gymnasium.de\/wordpress\/wp-content\/uploads\/2018\/01\/latein2-700x933.jpg 700w, https:\/\/www.sigmund-schuckert-gymnasium.de\/wordpress\/wp-content\/uploads\/2018\/01\/latein2-332x443.jpg 332w\" sizes=\"auto, (max-width: 125px) 100vw, 125px\" \/> <img loading=\"lazy\" decoding=\"async\" class=\"wp-image-3161 alignleft\" src=\"https:\/\/www.sigmund-schuckert-gymnasium.de\/wordpress\/wp-content\/uploads\/2018\/01\/latein1.jpg\" alt=\"\" width=\"295\" height=\"166\" srcset=\"https:\/\/www.sigmund-schuckert-gymnasium.de\/wordpress\/wp-content\/uploads\/2018\/01\/latein1.jpg 3840w, https:\/\/www.sigmund-schuckert-gymnasium.de\/wordpress\/wp-content\/uploads\/2018\/01\/latein1-300x169.jpg 300w, https:\/\/www.sigmund-schuckert-gymnasium.de\/wordpress\/wp-content\/uploads\/2018\/01\/latein1-768x432.jpg 768w, https:\/\/www.sigmund-schuckert-gymnasium.de\/wordpress\/wp-content\/uploads\/2018\/01\/latein1-1024x576.jpg 1024w, https:\/\/www.sigmund-schuckert-gymnasium.de\/wordpress\/wp-content\/uploads\/2018\/01\/latein1-700x393.jpg 700w, https:\/\/www.sigmund-schuckert-gymnasium.de\/wordpress\/wp-content\/uploads\/2018\/01\/latein1-332x187.jpg 332w\" sizes=\"auto, (max-width: 295px) 100vw, 295px\" \/><\/p>\n<p>&nbsp;<\/p>\n<p>&nbsp;<\/p>\n<p><img loading=\"lazy\" decoding=\"async\" class=\"alignright wp-image-3162\" src=\"https:\/\/www.sigmund-schuckert-gymnasium.de\/wordpress\/wp-content\/uploads\/2018\/01\/latein3.jpg\" alt=\"\" width=\"303\" height=\"227\" srcset=\"https:\/\/www.sigmund-schuckert-gymnasium.de\/wordpress\/wp-content\/uploads\/2018\/01\/latein3.jpg 2848w, https:\/\/www.sigmund-schuckert-gymnasium.de\/wordpress\/wp-content\/uploads\/2018\/01\/latein3-300x225.jpg 300w, https:\/\/www.sigmund-schuckert-gymnasium.de\/wordpress\/wp-content\/uploads\/2018\/01\/latein3-768x576.jpg 768w, https:\/\/www.sigmund-schuckert-gymnasium.de\/wordpress\/wp-content\/uploads\/2018\/01\/latein3-1024x768.jpg 1024w, https:\/\/www.sigmund-schuckert-gymnasium.de\/wordpress\/wp-content\/uploads\/2018\/01\/latein3-700x525.jpg 700w, https:\/\/www.sigmund-schuckert-gymnasium.de\/wordpress\/wp-content\/uploads\/2018\/01\/latein3-332x249.jpg 332w\" sizes=\"auto, (max-width: 303px) 100vw, 303px\" \/><\/p>\n<p><strong>Lerntipps f\u00fcr Sch\u00fcler von Sch\u00fclern:<\/strong><\/p>\n<ul>\n<li>Lerne von Anfang an regelm\u00e4\u00dfig mit<\/li>\n<li>Lerne in kleinen Einheiten<\/li>\n<li>\u00dcberlege dir Eselsbr\u00fccken und Bewegungen zu den Vokabeln<\/li>\n<li>Lass dich von anderen (Verwandten, Freunden, Computer) abfragen<\/li>\n<li>Wiederhole regelm\u00e4\u00dfig<\/li>\n<\/ul>\n<p>&nbsp;<\/p>\n<p>Mailadresse der Fachschaft Latein:<\/p>\n<p><span id=\"cloak53094\"><a href=\"mailto:a.reindl@sigmund-schuckert-gymnasium.de\">a.reindl@sigmund-schuckert-gymnasium.de<\/a><\/span><\/p>\n","protected":false},"excerpt":{"rendered":"<p>&nbsp; Mit den Lehrkr\u00e4ften der Fachschaft Latein (Lara von Gem\u00fcnden, Larissa M\u00fcller-Kollischan, Claudia Stocker, Alfred<\/p>\n","protected":false},"author":1,"featured_media":0,"parent":148,"menu_order":0,"comment_status":"closed","ping_status":"closed","template":"","meta":{"cybocfi_hide_featured_image":"","footnotes":""},"class_list":["post-313","page","type-page","status-publish","hentry"],"_links":{"self":[{"href":"https:\/\/www.sigmund-schuckert-gymnasium.de\/wordpress\/wp-json\/wp\/v2\/pages\/313","targetHints":{"allow":["GET"]}}],"collection":[{"href":"https:\/\/www.sigmund-schuckert-gymnasium.de\/wordpress\/wp-json\/wp\/v2\/pages"}],"about":[{"href":"https:\/\/www.sigmund-schuckert-gymnasium.de\/wordpress\/wp-json\/wp\/v2\/types\/page"}],"author":[{"embeddable":true,"href":"https:\/\/www.sigmund-schuckert-gymnasium.de\/wordpress\/wp-json\/wp\/v2\/users\/1"}],"replies":[{"embeddable":true,"href":"https:\/\/www.sigmund-schuckert-gymnasium.de\/wordpress\/wp-json\/wp\/v2\/comments?post=313"}],"version-history":[{"count":30,"href":"https:\/\/www.sigmund-schuckert-gymnasium.de\/wordpress\/wp-json\/wp\/v2\/pages\/313\/revisions"}],"predecessor-version":[{"id":7122,"href":"https:\/\/www.sigmund-schuckert-gymnasium.de\/wordpress\/wp-json\/wp\/v2\/pages\/313\/revisions\/7122"}],"up":[{"embeddable":true,"href":"https:\/\/www.sigmund-schuckert-gymnasium.de\/wordpress\/wp-json\/wp\/v2\/pages\/148"}],"wp:attachment":[{"href":"https:\/\/www.sigmund-schuckert-gymnasium.de\/wordpress\/wp-json\/wp\/v2\/media?parent=313"}],"curies":[{"name":"wp","href":"https:\/\/api.w.org\/{rel}","templated":true}]}}