{"id":291,"date":"2015-07-08T13:53:18","date_gmt":"2015-07-08T11:53:18","guid":{"rendered":"http:\/\/www.sigmund-schuckert-gymnasium.de\/wordpress\/?page_id=291"},"modified":"2015-07-08T13:53:18","modified_gmt":"2015-07-08T11:53:18","slug":"informatik","status":"publish","type":"page","link":"https:\/\/www.sigmund-schuckert-gymnasium.de\/wordpress\/unterricht\/faecher\/informatik\/","title":{"rendered":"Informatik"},"content":{"rendered":"<p>Am Naturwissenschaftlich-technologischen Gymnasium wird Informatik in der 9. und 10. Klasse sowie in der Oberstufe unterrichtet. Der Schwerpunkt des Unterrichts liegt dabei nat\u00fcrlich auf dem praktischen Arbeiten am Computer. Dabei w\u00e4re es aber ein Missverst\u00e4ndnis, wenn man glaubt, hier w\u00fcrde in erster Linie eine bestimmte Programmiersprache gelehrt werden. Statt dessen gilt hier der Grundsatz, dass nur das einen Platz im Informatik-Unterricht haben soll, was man als vertiefte informatische Allgemeinbildung charakterisieren kann. Hierunter fallen solche Inhalte, die auch noch dann von Relevanz sein werden, wenn unsere Sch\u00fclerinnen und Sch\u00fcler einmal an der Universit\u00e4t sein werden.<\/p>\n<p>In erster Linie geht es im Informatik-Unterricht um verschiedene Modellierungstechniken. In Jahrgangsstufe 9 sind die beiden Schwerpunkte die funktionale Modellierung mit Hilfe von Tabellenkalkulationssystemen und die Datenmodellierung mit Hilfe von (relationalen) Datenbanksystemen. Dabei sollen die Sch\u00fclerinnen und Sch\u00fcler die grundlegenden Modellierungstechniken selbst lernen und in einer ausf\u00fchrlichen Projektphase unter Beweis stellen.<\/p>\n<p>In der 10. Jahrgangsstufe geht es um die objektorientierte Modellierung. Wir f\u00fchren das Lehrplanprogramm anhand der Erstellung eines einfachen Computerspiels mit Robotern dar, das die Sch\u00fclerinnen und Sch\u00fcler objektorientiert in Java erstellen und dabei auch vorhandenen Klassenbibliotheken nutzen sollen.<\/p>\n<p><img loading=\"lazy\" decoding=\"async\" src=\"https:\/\/www.sigmund-schuckert-gymnasium.de\/joomlaneu\/images\/Informatik\/robots-label.gif\" alt=\"Ein kleines Roboterspiel\" width=\"600\" height=\"452\" border=\"0\" \/><\/p>\n<p>Bei der Fertigstellung des Spiels traten zwar kleinere Probleme auf, aber die haben wir mit der Zeit in den Griff bekommen, so dass ihr jetzt unser Spiel <a href=\"https:\/\/www.sigmund-schuckert-gymnasium.de\/downloads\/robots_SSG.jar\">hier<\/a> herunterladen k\u00f6nnt. Der Spieler-Roboter, dargestellt durch den Marienk\u00e4fer, l\u00e4sst sich mit der Tastatur (Rechts- bzw. Links-Taste) steuern. Aber Vorsicht! Die anderen Roboter d\u00fcrfen ihm nicht zu nahe kommen, sonst ist das Spiel zu Ende! Viel Spa\u00df beim Ausprobieren!<\/p>\n<p>Volker Ising<\/p>\n","protected":false},"excerpt":{"rendered":"<p>Am Naturwissenschaftlich-technologischen Gymnasium wird Informatik in der 9. und 10. Klasse sowie in der Oberstufe<\/p>\n","protected":false},"author":1,"featured_media":0,"parent":148,"menu_order":0,"comment_status":"closed","ping_status":"closed","template":"","meta":{"cybocfi_hide_featured_image":"","footnotes":""},"class_list":["post-291","page","type-page","status-publish","hentry"],"_links":{"self":[{"href":"https:\/\/www.sigmund-schuckert-gymnasium.de\/wordpress\/wp-json\/wp\/v2\/pages\/291","targetHints":{"allow":["GET"]}}],"collection":[{"href":"https:\/\/www.sigmund-schuckert-gymnasium.de\/wordpress\/wp-json\/wp\/v2\/pages"}],"about":[{"href":"https:\/\/www.sigmund-schuckert-gymnasium.de\/wordpress\/wp-json\/wp\/v2\/types\/page"}],"author":[{"embeddable":true,"href":"https:\/\/www.sigmund-schuckert-gymnasium.de\/wordpress\/wp-json\/wp\/v2\/users\/1"}],"replies":[{"embeddable":true,"href":"https:\/\/www.sigmund-schuckert-gymnasium.de\/wordpress\/wp-json\/wp\/v2\/comments?post=291"}],"version-history":[{"count":1,"href":"https:\/\/www.sigmund-schuckert-gymnasium.de\/wordpress\/wp-json\/wp\/v2\/pages\/291\/revisions"}],"predecessor-version":[{"id":305,"href":"https:\/\/www.sigmund-schuckert-gymnasium.de\/wordpress\/wp-json\/wp\/v2\/pages\/291\/revisions\/305"}],"up":[{"embeddable":true,"href":"https:\/\/www.sigmund-schuckert-gymnasium.de\/wordpress\/wp-json\/wp\/v2\/pages\/148"}],"wp:attachment":[{"href":"https:\/\/www.sigmund-schuckert-gymnasium.de\/wordpress\/wp-json\/wp\/v2\/media?parent=291"}],"curies":[{"name":"wp","href":"https:\/\/api.w.org\/{rel}","templated":true}]}}