{"id":266,"date":"2015-07-08T13:47:53","date_gmt":"2015-07-08T11:47:53","guid":{"rendered":"http:\/\/www.sigmund-schuckert-gymnasium.de\/wordpress\/?page_id=266"},"modified":"2021-03-18T21:12:20","modified_gmt":"2021-03-18T20:12:20","slug":"franzoesisch","status":"publish","type":"page","link":"https:\/\/www.sigmund-schuckert-gymnasium.de\/wordpress\/franzoesisch\/","title":{"rendered":"Franz\u00f6sisch"},"content":{"rendered":"<p class=\"contentheading\">\u00c7a, c\u2019est nous!<\/p>\n<figure style=\"width: 1181px\" class=\"wp-caption aligncenter\"><img loading=\"lazy\" decoding=\"async\" src=\"https:\/\/www.sigmund-schuckert-gymnasium.de\/joomlaneu\/images\/5_Fachschaft_Franzosisch.jpg\" alt=\"\" width=\"1181\" height=\"394\" \/><figcaption class=\"wp-caption-text\">Stefanie Bichel, Miriam Doschek, Julia Gaiser, Regine Lorenz, Claudia Neidiger (Fachbetreuerin), Verena Reich, Silke Schimmel, Roland Pugler, Thomas Schmidt und Wolfgang Veit<\/figcaption><\/figure>\n<p><strong>Warum Franz\u00f6sisch lernen?<\/strong><\/p>\n<p><strong>Es gibt tausend gute Gr\u00fcnde, Franz\u00f6sisch zu lernen:<\/strong><strong><br \/>\n<\/strong><\/p>\n<p>&#8211; Frankreich ist das Land, das die meisten ausl\u00e4ndischen Touristen pro Jahr besuchen,<br \/>\nz.B. 12 Millionen Deutsche pro Jahr.<\/p>\n<p>&#8211; Es ist Arbeitssprache in fast allen internationalen Organisationen, wie in der UNO,<br \/>\nder UNESCO, dem Europarat und vielen mehr.<\/p>\n<p>&#8211; Es ist weltweit eine der am h\u00e4ufigsten gelernten Fremdsprachen, ca. 180 Millionen<br \/>\nMenschen hatten Franz\u00f6sisch als Fremdsprache.<\/p>\n<p>&#8211; Man spricht es nicht nur in Frankreich. Zur Gemeinschaft franz\u00f6sischsprachiger<br \/>\nL\u00e4nder geh\u00f6ren 55 Staaten in allen Teilen der Welt.<\/p>\n<p>&#8211; Es ist die Sprache unseres direkten Nachbarn und unseres wichtigsten Partners in<br \/>\nEuropa, in der Politik ebenso wie in der Wirtschaft und der Kultur.<\/p>\n<p>&#8211; Deshalb ist es auch eine wichtige Zusatzqualifikation f\u00fcr viele Berufe.<\/p>\n<p>&#8211; Es ist eine Br\u00fcckensprache zu anderen romanischen Sprachen wie Italienisch, Spanisch,<br \/>\nPortugiesisch oder Rum\u00e4nisch.<\/p>\n<p>Am SSG&#8230;<br \/>\n&#8230; kann man Franz\u00f6sisch als zweite Fremdsprache, ab der 6. Jahrgangsstufe, oder als dritte Fremdsprache ab der 8. Jahrgangsstufe w\u00e4hlen.\u00a0 Auch in der Qualifikationsphase entscheiden sich viele Sch\u00fcler daf\u00fcr, Franz\u00f6sisch weiterzuf\u00fchren.<\/p>\n<p><strong>Sch\u00fcleraustausch<\/strong><\/p>\n<figure style=\"width: 1811px\" class=\"wp-caption aligncenter\"><img loading=\"lazy\" decoding=\"async\" src=\"https:\/\/www.sigmund-schuckert-gymnasium.de\/joomlaneu\/images\/Austausch%20mit%20La%20Runion.png\" alt=\"\" width=\"1811\" height=\"1239\" \/><figcaption class=\"wp-caption-text\">Die Sch\u00fcler der 8. und 9. Klassen k\u00f6nnen ihre neu erworbenen Sprachkenntnisse beim Sch\u00fcleraustausch mit dem Coll\u00e8ge Edmond Albius in der Stadt Le Port auf der zu Frankreich geh\u00f6renden Insel La R\u00e9union im Indischen Ozean anwenden.<\/figcaption><\/figure>\n<p>Eindr\u00fccke vom Austausch finden sich auf dem Blog: <a href=\"http:\/\/ssgreunion.wordpress.com\/\">http:\/\/ssgreunion.wordpress.com\/<\/a><\/p>\n<p>Das ist unsere Partnerschule: <strong><a href=\"http:\/\/college-edmond-albius.ac-reunion.fr\/\">Coll\u00e8ge Edmond Albius<\/a><\/strong><\/p>\n<p><strong>Prix des lyc\u00e9ens allemands<\/strong><\/p>\n<p>Alle TeilnehmerInnen an den Franz\u00f6sisch-Kursen der 11. Jahrgangsstufe beteiligten sich dieses Jahr am Prix des lyc\u00e9ens allemands, einem Literaturpreis, der von deutschen Gymnasiasten verliehen wird. Der diesj\u00e4hrige Favorit des SSG ist der Jugendroman <em>Une arme dans la t\u00eate<\/em> von \u00a0Claire Mazart. Annika Ott und Jelena Mitrovic vertraten unsere Schule souver\u00e4n bei der Landesjury in Garching bei M\u00fcnchen.<\/p>\n<p><img loading=\"lazy\" decoding=\"async\" class=\"aligncenter\" src=\"https:\/\/www.sigmund-schuckert-gymnasium.de\/images\/frz1-01.jpg\" alt=\"\" width=\"445\" height=\"593\" \/><\/p>\n<p><strong>Partenaires un jour &#8211; partenaires toujours<\/strong><\/p>\n<p>Jedes Jahr feiert das SSG ausgiebig die deutsch-franz\u00f6sische Freundschaft. Kulinarische Gen\u00fcsse w\u00e4hrend der Pausen, Collagen, die \u00fcber unser Nachbarland informieren und Spiele machen\u00a0alle Sch\u00fcler neugierig auf unser Partnerland Frankreich. Ganz nach dem Motto: &#8222;Franzosen und Deutsche: Einmal Freunde, immer Freunde!&#8220;<\/p>\n<p style=\"text-align: center;\"><a href=\"https:\/\/www.sigmund-schuckert-gymnasium.de\/wordpress\/wp-content\/uploads\/2016\/03\/frz3.jpg\" rel=\"attachment wp-att-1072\"><img loading=\"lazy\" decoding=\"async\" class=\"alignnone size-medium wp-image-1072\" src=\"https:\/\/www.sigmund-schuckert-gymnasium.de\/wordpress\/wp-content\/uploads\/2016\/03\/frz3-300x225.jpg\" alt=\"frz3\" width=\"300\" height=\"225\" srcset=\"https:\/\/www.sigmund-schuckert-gymnasium.de\/wordpress\/wp-content\/uploads\/2016\/03\/frz3-300x225.jpg 300w, https:\/\/www.sigmund-schuckert-gymnasium.de\/wordpress\/wp-content\/uploads\/2016\/03\/frz3-332x249.jpg 332w, https:\/\/www.sigmund-schuckert-gymnasium.de\/wordpress\/wp-content\/uploads\/2016\/03\/frz3.jpg 640w\" sizes=\"auto, (max-width: 300px) 100vw, 300px\" \/><\/a><a href=\"https:\/\/www.sigmund-schuckert-gymnasium.de\/wordpress\/wp-content\/uploads\/2016\/03\/frz2-1.jpg\" rel=\"attachment wp-att-1071\"><img loading=\"lazy\" decoding=\"async\" class=\"alignnone size-medium wp-image-1071\" src=\"https:\/\/www.sigmund-schuckert-gymnasium.de\/wordpress\/wp-content\/uploads\/2016\/03\/frz2-1-300x225.jpg\" alt=\"frz2\" width=\"300\" height=\"225\" srcset=\"https:\/\/www.sigmund-schuckert-gymnasium.de\/wordpress\/wp-content\/uploads\/2016\/03\/frz2-1-300x225.jpg 300w, https:\/\/www.sigmund-schuckert-gymnasium.de\/wordpress\/wp-content\/uploads\/2016\/03\/frz2-1-332x249.jpg 332w, https:\/\/www.sigmund-schuckert-gymnasium.de\/wordpress\/wp-content\/uploads\/2016\/03\/frz2-1.jpg 640w\" sizes=\"auto, (max-width: 300px) 100vw, 300px\" \/><\/a><\/p>\n<p><strong>Sprachzertifikat DELF<\/strong><a id=\"DELF\"><\/a>\u2026<\/p>\n<p>Seit Jahren bietet das Sigmund-Schuckert-Gymnasium DELF-Kurse als Wahlfach f\u00fcr die Sch\u00fcler der 10. und 11. Klassen an.<\/p>\n<p>Das DELF ist ein international anerkanntes Sprachenzertifikat f\u00fcr Franz\u00f6sischlernende. Es attestiert ein bestimmtes Lernniveau und ist damit international aussagekr\u00e4ftiger als eine Note oder Zeugnisbemerkung, beispielsweise bei Bewerbungen oder Praktika, insbesondere im Ausland.<\/p>\n<p>Neben der eigentlichen Pr\u00fcfungsvorbereitung bietet DELF den Sch\u00fclern die M\u00f6glichkeit, sich im Franz\u00f6sischen auszudr\u00fccken, die Fremdsprache einmal ohne Notendruck auszuprobieren und so unterschiedliche Kommunikationssituationen des Alltags einzu\u00fcben.<br \/>\nDer Besuch des DELF-Unterrichts in der Schule verpflichtet \u00fcbrigens niemand zur Teilnahme an der Pr\u00fcfung.<\/p>\n","protected":false},"excerpt":{"rendered":"<p>\u00c7a, c\u2019est nous! Warum Franz\u00f6sisch lernen? Es gibt tausend gute Gr\u00fcnde, Franz\u00f6sisch zu lernen: &#8211;<\/p>\n","protected":false},"author":1,"featured_media":0,"parent":0,"menu_order":0,"comment_status":"closed","ping_status":"closed","template":"","meta":{"cybocfi_hide_featured_image":"","footnotes":""},"class_list":["post-266","page","type-page","status-publish","hentry"],"_links":{"self":[{"href":"https:\/\/www.sigmund-schuckert-gymnasium.de\/wordpress\/wp-json\/wp\/v2\/pages\/266","targetHints":{"allow":["GET"]}}],"collection":[{"href":"https:\/\/www.sigmund-schuckert-gymnasium.de\/wordpress\/wp-json\/wp\/v2\/pages"}],"about":[{"href":"https:\/\/www.sigmund-schuckert-gymnasium.de\/wordpress\/wp-json\/wp\/v2\/types\/page"}],"author":[{"embeddable":true,"href":"https:\/\/www.sigmund-schuckert-gymnasium.de\/wordpress\/wp-json\/wp\/v2\/users\/1"}],"replies":[{"embeddable":true,"href":"https:\/\/www.sigmund-schuckert-gymnasium.de\/wordpress\/wp-json\/wp\/v2\/comments?post=266"}],"version-history":[{"count":17,"href":"https:\/\/www.sigmund-schuckert-gymnasium.de\/wordpress\/wp-json\/wp\/v2\/pages\/266\/revisions"}],"predecessor-version":[{"id":5218,"href":"https:\/\/www.sigmund-schuckert-gymnasium.de\/wordpress\/wp-json\/wp\/v2\/pages\/266\/revisions\/5218"}],"wp:attachment":[{"href":"https:\/\/www.sigmund-schuckert-gymnasium.de\/wordpress\/wp-json\/wp\/v2\/media?parent=266"}],"curies":[{"name":"wp","href":"https:\/\/api.w.org\/{rel}","templated":true}]}}