{"id":175,"date":"2015-07-01T13:33:35","date_gmt":"2015-07-01T11:33:35","guid":{"rendered":"http:\/\/www.sigmund-schuckert-gymnasium.de\/wordpress\/?page_id=175"},"modified":"2018-10-08T08:54:12","modified_gmt":"2018-10-08T06:54:12","slug":"schliessfaecher","status":"publish","type":"page","link":"https:\/\/www.sigmund-schuckert-gymnasium.de\/wordpress\/schliessfaecher\/","title":{"rendered":"Schlie\u00dff\u00e4cher"},"content":{"rendered":"<p>Der Elternbeirat stellt Ihren Kindern Schlie\u00dff\u00e4cher zur Verf\u00fcgung, die Sie zu \u00e4u\u00dferst g\u00fcnstigen Bedingungen mieten k\u00f6nnen. Schon sehr viele Kinder nutzen sie sehr gerne, die F\u00e4cher erleichtern den Alltag der Sch\u00fcler erheblich. Schultasche, Atlas, Jacke, Sportsachen, die schwereren B\u00fccher, ein Reserveheft, -block und viel mehr k\u00f6nnen darin gelagert werden.<\/p>\n<p>J\u00e4hrlich reinigen wir, der Elternbeirat, die Schlie\u00dff\u00e4cher f\u00fcr die Sch\u00fcler. Vergessene Sachen lassen wir den Sch\u00fclern dann nach den Ferien nat\u00fcrlich wieder zukommen, meist liegen sie dann bereits im neuen Schuljahr im neuen Klassenraum. Ein ganz besonderer Dank an Hr. Michael Rietzel, der f\u00fcr und im Auftrag des Elternbeirats diese Aufgabe weiterhin \u00fcbernimmt.<\/p>\n<p>Da die Schlie\u00dff\u00e4cher schnell ausgehen, sollten Sie im Voraus mieten. Ein Fach kann auch von 2 Sch\u00fclern benutzt werden.<\/p>\n<p>Den neuen Sch\u00fclern der 5. Klassen empfehlen wir ein Schlie\u00dffach direkt bei der Anmeldung zu reservieren.<\/p>\n<p>Sch\u00fcler die bereits ein Schlie\u00dffach haben, erhalten kurz vor den Sommerferien u.a. ein Formular zur Vertragsverl\u00e4ngerung. Alle anderen Sch\u00fcler von der 6.Klasse bis Oberstufe die erstmalig ein Fach ben\u00f6tigen sollten bereits vor den Ferien einen ausgef\u00fcllten Mietvertrag im Sekretariat abgeben.\u00a0 So k\u00f6nnen wir \u00fcber die Sommerferien jedem Sch\u00fcler ein m\u00f6glichst g\u00fcnstig gelegenes Fach zuordnen.<\/p>\n<p>Sch\u00fcler mit unhandlichen Instrumenten werden bei der Verteilung der gro\u00dfen F\u00e4cher bevorzugt ber\u00fccksichtigt. Es gibt normale und extra gro\u00dfe Schlie\u00dff\u00e4cher, bitte fragen Sie nach.<\/p>\n<p>Ersatzschl\u00fcssel werden auf Antrag mit Zusatzkosten bestellt. Bei Verlust des Schl\u00fcssels sollten Sie sich bitte umgehend per Mail bei Herrn Rietzel melden, dann wird alles Notwendige in die Wege geleitet.<\/p>\n<p><strong>Jede verlorene Jacke, jede verlorene Tasche kosten mehr als ein Schlie\u00dffach!<\/strong><strong><\/p>\n<p><\/strong><\/p>\n<p>E-mail von Herr Rietzel: <u><a href=\"mailto:%3Cspan%20id=\">&gt;<\/a><a href=\"mailto:SSG-Schliessfach@t-online.de\">SSG-Schliessfach@t-online.de<\/a><\/u><\/p>\n","protected":false},"excerpt":{"rendered":"<p>Der Elternbeirat stellt Ihren Kindern Schlie\u00dff\u00e4cher zur Verf\u00fcgung, die Sie zu \u00e4u\u00dferst g\u00fcnstigen Bedingungen mieten<\/p>\n","protected":false},"author":1,"featured_media":0,"parent":0,"menu_order":0,"comment_status":"closed","ping_status":"closed","template":"","meta":{"cybocfi_hide_featured_image":"","footnotes":""},"class_list":["post-175","page","type-page","status-publish","hentry"],"_links":{"self":[{"href":"https:\/\/www.sigmund-schuckert-gymnasium.de\/wordpress\/wp-json\/wp\/v2\/pages\/175","targetHints":{"allow":["GET"]}}],"collection":[{"href":"https:\/\/www.sigmund-schuckert-gymnasium.de\/wordpress\/wp-json\/wp\/v2\/pages"}],"about":[{"href":"https:\/\/www.sigmund-schuckert-gymnasium.de\/wordpress\/wp-json\/wp\/v2\/types\/page"}],"author":[{"embeddable":true,"href":"https:\/\/www.sigmund-schuckert-gymnasium.de\/wordpress\/wp-json\/wp\/v2\/users\/1"}],"replies":[{"embeddable":true,"href":"https:\/\/www.sigmund-schuckert-gymnasium.de\/wordpress\/wp-json\/wp\/v2\/comments?post=175"}],"version-history":[{"count":4,"href":"https:\/\/www.sigmund-schuckert-gymnasium.de\/wordpress\/wp-json\/wp\/v2\/pages\/175\/revisions"}],"predecessor-version":[{"id":3595,"href":"https:\/\/www.sigmund-schuckert-gymnasium.de\/wordpress\/wp-json\/wp\/v2\/pages\/175\/revisions\/3595"}],"wp:attachment":[{"href":"https:\/\/www.sigmund-schuckert-gymnasium.de\/wordpress\/wp-json\/wp\/v2\/media?parent=175"}],"curies":[{"name":"wp","href":"https:\/\/api.w.org\/{rel}","templated":true}]}}